 be 1/(1*2/34). Calculate the highest common factor of k and p.
17
Let t be (-8)/20 + 57/5. Calculate the highest common factor of 77 and t.
11
Let k(s) = 2*s**2 + 2*s - 3. Let t be k(-3). Suppose -4*c = 3*i - 100, -4*c - 11 - t = 0. What is the highest common factor of i and 5?
5
Let z(d) = -1 - 1 + 5 + 10*d. Let r be z(8). Suppose -3*a - 5*k = -r, 2*a + 54 - 151 = 5*k. Calculate the greatest common factor of 12 and a.
12
Let g(a) = -11*a - 5. Suppose 0 = 4*z - z + 15. Let q be g(z). Suppose 4*j - 2*j + 5*w = 44, 2*w = -2*j + q. Calculate the greatest common factor of j and 9.
9
Let n(f) = f**2 + f - 1. Let r be n(-4). Let o be (-63)/(-252) + -219*2/(-8). Calculate the highest common factor of o and r.
11
Suppose -2*x - 4*m + 16 = -36, 4*x - 3*m = 49. What is the highest common divisor of x and 4?
4
Suppose -4*a - 3*k + 145 = -8*k, -a + 15 = 3*k. Let l = a - 5. What is the greatest common factor of 10 and l?
5
Let q(n) = -2*n**3 - 7*n**2 - 5*n. Let l be q(-4). Suppose 0 = -7*a + a + 24. Calculate the greatest common factor of l and a.
4
Let z = 168 + -122. What is the highest common factor of z and 115?
23
Let c = 0 - -18. What is the greatest common divisor of c and 126?
18
Let n(a) = -a**3 + 7*a**2 - 3*a - 2. Let x be n(5). What is the highest common divisor of x and 165?
33
Let c = -55 - -110. Let n(u) be the second derivative of 21*u**5/20 + u**4/6 - u**3/6 + 2*u. Let q be n(1). Calculate the highest common factor of q and c.
11
Let x(c) = -3*c + 3. Let k be x(-3). What is the highest common divisor of 72 and k?
12
Suppose -4 - 12 = -4*x. Suppose -40 = -0*b - x*b. Calculate the greatest common factor of b and 25.
5
Suppose 6*t - 2*t = 60. Let l = t - -1. What is the highest common divisor of 8 and l?
8
Let k = 91 + -59. Calculate the highest common divisor of k and 16.
16
Suppose 2*c + 3*s - 29 + 1 = 0, 4 = -s. Calculate the highest common divisor of 2 and c.
2
Let f be (-2)/(-2) + 3*23. Let v = -42 + 22. Let l be (-565)/v + 2/(-8). What is the highest common divisor of l and f?
14
Suppose 5*u = 3*l + 37, -7 + 13 = u - 2*l. What is the greatest common divisor of 12 and u?
4
Let g = 277 - 186. What is the greatest common divisor of g and 13?
13
Let q(h) = h**3 - 12*h**2 + 12*h - 7. Let d be q(11). What is the greatest common factor of 16 and d?
4
Suppose 0 = -4*b + 51 - 11. Let u be ((-4)/b)/(2/(-100)). Let g = 36 - u. Calculate the highest common divisor of 8 and g.
8
Let x(j) = -9*j - 15. Let p(r) = 4*r + 8. Let s(f) = -11*p(f) - 6*x(f). Let w be s(2). What is the greatest common divisor of w and 88?
22
Let b(x) = 4*x - 6. Let t be b(5). Let g be (t - 0) + (-2 - 0). Suppose 2*w - q = 2*q + 13, -5*q + 45 = 5*w. What is the highest common factor of w and g?
4
Let o be (18/5)/(26/65). What is the greatest common divisor of o and 3?
3
Let b be 17 + (-1 - -3 - 4). Calculate the greatest common factor of b and 135.
15
Suppose 3*d = 19 + 17. Let y = 0 + d. Calculate the greatest common divisor of 4 and y.
4
Suppose -3*j - 2*j = 0. Suppose h - 969 = 5*q, 0 = 4*q - j*h + 2*h + 778. Let l = -62 - q. Calculate the greatest common divisor of 12 and l.
12
Suppose 5*c = 2*c + 165. Let t(x) = -x**3 - 2*x**2 - 2*x - 3. Let h be t(-2). Let o = h - -21. Calculate the highest common factor of o and c.
11
Let p(o) = o**3 + o**2 - o + 7. Let l be p(0). Let c be 17/3 + 2/(-3). Suppose d + 2*d - 9 = -3*v, c*d - v = 39. What is the greatest common divisor of l and d?
7
Let k = -6 + 16. Suppose k = 3*s - s + 2*m, 3*s - 7 = -5*m. What is the greatest common factor of s and 99?
9
Suppose 2*n + 17 + 15 = -4*k, 2*k - 2*n + 4 = 0. Let i be (-1)/(-2) + (-381)/k. Let t = 7 + 9. Calculate the highest common divisor of t and i.
16
Let t(p) = p**3 - 4*p**2 + p - 3. Let c be t(4). Let h = 42 + -39. Calculate the highest common divisor of c and h.
1
Suppose -x = 14 + 1. Let o = x - -21. Calculate the highest common factor of 30 and o.
6
Let r(i) = i**3 - i**2 + i - 2. Let a be r(2). Let o(y) = y**3 + 7*y**2 + 9*y - 3. Let v be o(-3). What is the highest common divisor of a and v?
2
Suppose 12 = 4*w, -p + w = -1 - 26. Let s be (p/6)/(2 - 1). Suppose 25 = 3*g + 2*g. Calculate the greatest common divisor of g and s.
5
Let n(c) = c**3 - 5*c**2 + 5*c - 2. Let w be n(4). Suppose 4*z = 8*z + w*q - 56, z + 2*q = 14. Calculate the greatest common factor of 28 and z.
14
Let p(r) = 3*r**2 + 6*r + 1. Let c be p(-4). Let o(k) = k**3 - 3*k**2 - 3*k + 6. Let a be o(4). Calculate the greatest common factor of c and a.
5
Let y be 2 + 4 + 2 + -5. Let q be ((-28)/(-10))/(y/15). What is the greatest common divisor of q and 70?
14
Let q = 28 + -16. Suppose o = -o + q. Let i = 15 - o. Calculate the greatest common divisor of 81 and i.
9
Let j(p) = -p**3 - p**2 - 4 + 0*p**3 - 3*p**2 + 4*p. Let s be j(-5). Calculate the highest common factor of 5 and s.
1
Let i be 191 + (-3)/(12/(-16)). What is the greatest common divisor of 78 and i?
39
Suppose -4*o = -b - 8 - 8, o - b = 1. Suppose o*y + 0*y = 60. Suppose 0*k = 4*k - 528. Calculate the greatest common divisor of k and y.
12
Let x(z) = -z**2 + 10*z + 5. Let k be x(9). Let w = 32 - k. What is the greatest common factor of w and 12?
6
Suppose -154 = 7*r - 8*r. What is the greatest common divisor of 22 and r?
22
Suppose 3*t - 3*h = 2*t + 60, -t - 2*h = -45. Calculate the greatest common factor of 34 and t.
17
Let k(h) = -3*h - 11. Let n(w) = w - 13. Let m be n(7). Let b be k(m). What is the greatest common factor of b and 70?
7
Suppose -18*s + 19*s = 1. Calculate the greatest common divisor of 16 and s.
1
Let x = 7 + 60. Let o = -44 + x. Calculate the highest common factor of 115 and o.
23
Suppose -5*n - 121 = 4*g + 99, 4*g + 176 = -4*n. Let s = n + 240. Suppose -s = -0*p - 4*p. What is the greatest common divisor of p and 7?
7
Suppose -19 = -4*l + 29. Let s(q) = 12*q. Let y be s(3). What is the highest common divisor of l and y?
12
Suppose -28 = -5*w + 32. Suppose 4*m - 164 = 2*s + 26, -2*m - 3*s = -99. Calculate the highest common factor of w and m.
12
Let b(u) = u**2 + 3*u - 6. Let x be b(6). Calculate the highest common factor of 6 and x.
6
Suppose -5*l + 3*q + 65 = 0, -5*l + l - 2*q = -74. Suppose -28*b = -2*b - 2912. What is the highest common divisor of l and b?
16
Suppose 3*u = k + 14, -2*k - 2*k + 29 = 5*u. What is the highest common factor of 10 and u?
5
Suppose 0 = -a + 3 + 21. What is the highest common factor of a and 8?
8
Suppose 5*q = u - 3 - 0, 5*q - 15 = 0. What is the greatest common divisor of u and 54?
18
Let k(w) be the third derivative of -w**5/20 - w**4/8 - w**3/6 + w**2. Let m be k(3). Let r = m + 64. What is the highest common factor of r and 9?
9
Let m = 44 + -22. Let p = m + -14. What is the greatest common divisor of p and 64?
8
Let q = 500 + -291. Suppose -i + 21 = c, -2*c + 36 = i - 2*i. Calculate the greatest common divisor of c and q.
19
Let n(q) = -q**2 - 19*q + 43. Let v be n(-21). Let d be -2 + (-1*11)/(-1). What is the greatest common factor of v and d?
1
Let b(c) = 11*c**2 - 2*c - 9. Let o be b(4). Calculate the highest common divisor of 106 and o.
53
Let n(x) = 2*x - 10. Let v be n(7). Suppose -2*f = 4*w + 127 + 107, 504 = -v*f + w. Let j be f/(-10) - (-1)/2. Calculate the highest common divisor of j and 65.
13
Let q = -124 - 170. Let p = q - -422. Calculate the highest common factor of 16 and p.
16
Suppose 7 + 9 = 4*w. Suppose 0*m = -2*m - 4*n + 46, -2*n = -w*m + 52. Let k be 31/4 + m/(-20). What is the highest common divisor of k and 7?
7
Suppose -8*o = -50 - 38. What is the greatest common factor of 1 and o?
1
Let q(c) = 4*c**2 + 2*c + 3. Let r be q(6). Suppose 5*s = 5*z + 195, -5*s - 2*z + r = 2*z. Suppose 3*a - 13 = s. What is the highest common factor of a and 8?
8
Let o be (-5)/(-120)*507 + 1/(-8). Suppose 2*d = -3*q + 327, -2*d = -2*q - q - 345. Calculate the greatest common divisor of d and o.
21
Let o(a) = -a**2 + 5. Let y be o(0). What is the greatest common divisor of 25 and y?
5
Let d(x) = -33*x - 30. Let a be d(-5). Calculate the highest common divisor of a and 54.
27
Let p = -5 + 4. Let n(x) = x**2. Let r be n(p). What is the greatest common divisor of r and 2?
1
Let h(t) = 28*t**2 - t + 1. Let s be h(1). Calculate the greatest common divisor of s and 112.
28
Suppose 5*i - 3*i = -48. Let z = -